{"id":30,"date":"2018-10-30T23:29:18","date_gmt":"2018-10-30T23:29:18","guid":{"rendered":"https:\/\/corporacioncardenas.com\/?page_id=30"},"modified":"2018-11-21T21:29:26","modified_gmt":"2018-11-21T21:29:26","slug":"sector-minorista","status":"publish","type":"page","link":"https:\/\/corporacioncardenas.com\/?page_id=30","title":{"rendered":"Sector minorista"},"content":{"rendered":"<p><!DOCTYPE html><br \/>\n<html>\n<link rel=\"stylesheet\" href=\"https:\/\/use.fontawesome.com\/releases\/v5.5.0\/css\/all.css\" integrity=\"sha384-B4dIYHKNBt8Bc12p+WXckhzcICo0wtJAoU8YZTY5qE0Id1GSseTk6S+L3BlXeVIU\" crossorigin=\"anonymous\">\n<\/head><br \/>\n<body><\/p>\n<h2>Optimice la cadena del efectivo: elimine procesos manuales e incremente la productividad en sus tiendas.<\/h2>\n<div class=\"texto-espaciador\"><\/div>\n<div class=\"su-tabs su-tabs-style-default su-tabs-mobile-stack su-tabs-vertical\" data-active=\"1\" data-scroll-offset=\"0\" data-anchor-in-url=\"no\"><div class=\"su-tabs-nav\"><span class=\"\" data-url=\"\" data-target=\"blank\" tabindex=\"0\" role=\"button\"><i class='fas fa-shopping-cart'><\/i> SECTOR MINORISTA<\/span><span class=\"\" data-anchor=\"AUT\" data-url=\"\" data-target=\"blank\" tabindex=\"0\" role=\"button\">\u279e AUTOMATIZACI\u00d3N DEL EFECTIVO<\/span><span class=\"\" data-anchor=\"OPT\" data-url=\"\" data-target=\"blank\" tabindex=\"0\" role=\"button\">\u279e OPTIMIZACI\u00d3N DEL BACK OFFICE<\/span><span class=\"\" data-anchor=\"CLI\" data-url=\"\" data-target=\"blank\" tabindex=\"0\" role=\"button\">\u279e COMPRAS M\u00c1S R\u00c1PIDAS Y C\u00d3MODAS<\/span><\/div><div class=\"su-tabs-panes\"><div class=\"su-tabs-pane su-u-clearfix su-u-trim\" data-title=\"&lt;i class=&#039;fas fa-shopping-cart&#039;&gt;&lt;\/i&gt; SECTOR MINORISTA\">\n<h3><i class='fas fa-shopping-cart'><\/i> Sector minorista<\/h3>\n<p>Centros comerciales, tiendas por departamento, tiendas de conveniencia, hiper- y supermercados, farmacias, gasolineras o grifos y dem\u00e1s establecimientos comerciales han depositado su confianza en nuestra empresa como el proveedor confiable de soluciones para sus necesidades de manejo de dinero y equipamiento integral de oficinas, recibiendo de nosotros soluciones inteligentes que les ayudan a reducir sus costos operativos, incrementar su rentabilidad, ahorrar tiempo en sus procesos, incrementar la seguridad de sus operaciones y brindar una mejor atenci\u00f3n al cliente.<\/p>\n<p>Nuestras soluciones se adaptan a las necesidades particulares de cada cliente y de cada tienda. Le garantizamos que le ayudar\u00e1n a transformar su operaci\u00f3n y a liberarse de la carga de procesar efectivo manualmente, tanto en el front como back office, incrementando la productividad de los empleados en sus tiendas, reduciendo las mermas de efectivo, minimizando el riesgo de robos y el costo de oportunidad por mantener efectivo ocioso e inactivo en cajas fuertes o registradoras y permitiendo m\u00e1s tiempo para que sus empleados se concentren en ofrecer un servicio y una experiencia del cliente m\u00e1s personalizada.<\/p>\n<p>Con la implementaci\u00f3n de estas soluciones se aceleran todos los procesos relacionados al manejo de efectivo y sus responsables pueden enfocarse en las tareas centrales del negocio. La reducci\u00f3n de todas las tareas durante el inicio de d\u00eda, los cambios de turno y al final del d\u00eda; el tiempo dedicado a las tareas de conciliaci\u00f3n del efectivo se reducen hasta en un 90%; los fondos de efectivo en el establecimiento est\u00e1n completamente protegidos, pudiendo el responsable monitorear y supervisar de forma remota el inventario de efectivo en tiempo real.<\/p>\n<p>Complementamos nuestra oferta de productos y soluciones con cursos de capacitaci\u00f3n al usuario, un excelente servicio de atenci\u00f3n al cliente y paquetes de asistencia t\u00e9cnica. Perm\u00edtanos ayudarle a planificar y optimizar su negocio.<\/p>\n<div class=\"images-tabcontent\"><img decoding=\"async\" src=\"https:\/\/corporacioncardenas.com\/wp-content\/uploads\/2018\/11\/retail003.png\" alt=\"\" class=\"img-tabcontent\" \/><\/div>\n<\/div>\n<div class=\"su-tabs-pane su-u-clearfix su-u-trim\" data-title=\"\u279e AUTOMATIZACI\u00d3N DEL EFECTIVO\">\n<h3><i class=\"fas fa-cog\"><\/i> Automatizaci\u00f3n del efectivo en el punto de venta<\/h3>\n<p>Libere a su personal para hacer lo que mejor hace: Tratar con los clientes. Los errores en el conteo, la aceptaci\u00f3n de billetes falsos y las mermas de efectivo suponen un riesgo para los beneficios de su tienda. La automatizaci\u00f3n de la gesti\u00f3n del efectivo en el punto de venta minimiza estos riesgos, lo que reduce la presi\u00f3n para los empleados de caja, permiti\u00e9ndoles trabajar mejor con el cliente.<\/p>\n<h3><i class=\"fas fa-stopwatch\"><\/i> Velocidad del punto del venta al banco<\/h3>\n<p>Las transacciones en efectivo todav\u00eda representan un 20 % de los ingresos de los minoristas en valor en la mayor\u00eda de los pa\u00edses, y se utiliza hasta en un 75 % del total de las transacciones. Los minoristas saben que el efectivo seguir\u00e1 siendo importante durante muchos a\u00f1os, pero, a pesar de ello, mover el efectivo desde el punto de venta a la cuenta bancaria puede ser un proceso largo y complejo. En general, los minoristas no pueden extraer el valor del efectivo en forma de capital circulante hasta que finaliza el proceso. A menudo, solamente despu\u00e9s de procesos de m\u00e1s de tres d\u00edas, desde el punto de venta hasta el ingreso en la cuenta bancaria.<\/p>\n<p>El efectivo genera valor cuando est\u00e1 en circulaci\u00f3n. El efectivo que permanece inactivo pierde valor. El efectivo en movimiento aporta valor. Creemos en mantener el efectivo en constante movimiento y en convertir los pagos recibidos en el establecimiento en capital circulante que se pueda utilizar con m\u00e1xima rapidez. Cuanto m\u00e1s r\u00e1pido y m\u00e1s seguro se mueva el efectivo por todo el proceso de gesti\u00f3n, mayor valor retendr\u00e1 y se convertir\u00e1 en un mejor rendimiento en los resultados finales. Como una cadena de suministro ajustada, las soluciones que ofrecemos le ayudar\u00e1n a optimizar sus procesos de manejo de efectivo en todas sus tiendas. Su efectivo est\u00e1 seguro y disponible cuando se necesita, y los empleados pueden centrarse en los clientes.<\/p>\n<p><em>*Por favor <a href=\"https:\/\/corporacioncardenas.com\/?page_id=12\"\">cont\u00e1ctenos<\/a> para mayor informaci\u00f3n sobre las soluciones que mejor se adapten a su modelo de negocio y operaci\u00f3n.<\/em><\/p>\n<div class=\"images-tabcontent\"><img decoding=\"async\" src=\"https:\/\/corporacioncardenas.com\/wp-content\/uploads\/2018\/11\/RETAIL-1.jpg\" alt=\"\" class=\"img-tabcontent\" \/><\/div>\n<\/div>\n<div class=\"su-tabs-pane su-u-clearfix su-u-trim\" data-title=\"\u279e OPTIMIZACI\u00d3N DEL BACK OFFICE\">\n<h3><i class=\"fas fa-lightbulb\"><\/i> Optimizaci\u00f3n del back office<\/h3>\n<p>Automatizaci\u00f3n del back office: c\u00e9ntrese en su negocio, no en contar. Un reciclaje eficaz del efectivo permite que este trabaje para su negocio. Dedicar menos tiempo a contar, clasificar, ordenar y cuadrar el efectivo manualmente significa m\u00e1s tiempo y efectivo disponible para crear un establecimiento minorista m\u00e1s eficaz y productivo. La automatizaci\u00f3n de los procesos manuales de efectivo en el back office permite que su equipo se centre en atender a los clientes y que el personal de caja pueda dedicarle m\u00e1s tiempo al liberarse de las tareas de conteo.<\/p>\n<h3><i class=\"fas fa-project-diagram\"><\/i> Trazabilidad del efectivo<\/h3>\n<p>Completa trazabilidad del efectivo: Por lo general, el efectivo se ve como un bien especialmente vulnerable cuando pasa por la cadena de efectivo de retail. Evitar las p\u00e9rdidas por falsificaciones, accidentes y hurtos es la clave para lograr un beneficio r\u00e1pido.<\/p>\n<p>Parte del dinero entregado resulta falso. Parte se pierde por accidente, por c\u00f3mputo err\u00f3neo o por negligencia cuando se traslada desde el punto de venta al banco. Y parte, por supuesto, desaparece de manera no accidental. El sutil eufemismo \u00abmerma de efectivo\u00bb se utiliza para describir el peque\u00f1o, pero no menos importante, porcentaje de efectivo que termina en los bolsillos del personal sin escr\u00fapulos, clientes y otros con acceso a la cadena de efectivo de retail.<\/p>\n<p>Todos los minoristas desean identificar ganancias r\u00e1pidas que les conduzcan de manera infalible a beneficios adicionales en los resultados. Nosotros pensamos que el mejor modo de ganar dinero r\u00e1pidamente es ahorrarlo r\u00e1pidamente. Evitar las p\u00e9rdidas debidas a falsificaciones, accidentes y hurtos es la clave para un beneficio r\u00e1pido y alcanzable.<\/p>\n<p><em>*Por favor <a href=\"https:\/\/corporacioncardenas.com\/?page_id=12\">cont\u00e1ctenos<\/a> para mayor informaci\u00f3n sobre las soluciones que mejor se adapten a su modelo de negocio y operaci\u00f3n.<\/em><\/p>\n<div class=\"images-tabcontent\"><img decoding=\"async\" src=\"https:\/\/corporacioncardenas.com\/wp-content\/uploads\/2018\/11\/CHARTS-2.jpg\" alt=\"\" class=\"img-tabcontent\" \/><\/div>\n<\/div>\n<div class=\"su-tabs-pane su-u-clearfix su-u-trim\" data-title=\"\u279e COMPRAS M\u00c1S R\u00c1PIDAS Y C\u00d3MODAS\">\n<h3><i class=\"fas fa-shopping-basket\"><\/i> Mejore la experiencia del cliente<\/h3>\n<p>Compras m\u00e1s r\u00e1pidas y c\u00f3modas para todos sus clientes. Soluciones vers\u00e1tiles que aceptan diversos medios de pago, reciben, autentican y dispensan efectivo de manera autom\u00e1tica, r\u00e1pida, precisa y segura, aumentando la productividad de los cajeros y la satisfacci\u00f3n de los clientes.<\/p>\n<p><em>*Por favor <a href=\"https:\/\/corporacioncardenas.com\/?page_id=12\">cont\u00e1ctenos<\/a> para mayor informaci\u00f3n sobre las soluciones que mejor se adapten a su modelo de negocio y operaci\u00f3n.<\/em><\/p>\n<div class=\"images-tabcontent\"><img decoding=\"async\" src=\"https:\/\/corporacioncardenas.com\/wp-content\/uploads\/2018\/11\/SHOPPING-1.jpg\" alt=\"\" class=\"img-tabcontent\" \/><\/div>\n<\/div><\/div><\/div>\n<div class=\"texto-espaciador\"><\/div>\n<h2>Experiencia y soluciones comprobadas para transformar los procesos de efectivo en todos sus establecimientos.<\/h2>\n<div class=\"texto-espaciador\"><\/div>\n<div class=\"su-tabs su-tabs-style-default su-tabs-mobile-stack\" data-active=\"1\" data-scroll-offset=\"0\" data-anchor-in-url=\"no\"><div class=\"su-tabs-nav\"><span class=\"\" data-url=\"\" data-target=\"blank\" tabindex=\"0\" role=\"button\"><i class='fas fa-shopping-bag'><\/i> CENTROS COMERCIALES<\/span><span class=\"\" data-url=\"\" data-target=\"blank\" tabindex=\"0\" role=\"button\"><i class='fas fa-warehouse'><\/i> TIENDAS POR DEPARTAMENTO<\/span><span class=\"\" data-url=\"\" data-target=\"blank\" tabindex=\"0\" role=\"button\"><i class='fas fa-store-alt'><\/i> TIENDAS DE CONVENIENCIA<\/span><span class=\"\" data-url=\"\" data-target=\"blank\" tabindex=\"0\" role=\"button\"><i class='fas fa-shopping-basket'><\/i> TIENDAS ESPECIALIZADAS<\/span><span class=\"\" data-url=\"\" data-target=\"blank\" tabindex=\"0\" role=\"button\"><i class='fas fa-prescription-bottle-alt'><\/i> FARMACIAS<\/span><span class=\"\" data-url=\"\" data-target=\"blank\" tabindex=\"0\" role=\"button\"><i class='fas fa-shopping-cart'><\/i> HIPERMERCADOS Y SUPERMERCADOS<\/span><span class=\"\" data-url=\"\" data-target=\"blank\" tabindex=\"0\" role=\"button\"><i class='fas fa-apple-alt'><\/i> TIENDAS DE ALIMENTOS<\/span><span class=\"\" data-url=\"\" data-target=\"blank\" tabindex=\"0\" role=\"button\"><i class='fas fa-utensils'><\/i> RESTAURANTES Y COMIDA R\u00c1PIDA<\/span><span class=\"\" data-url=\"\" data-target=\"blank\" tabindex=\"0\" role=\"button\"><i class='fas fa-tint'><\/i> EMBOTELLADORAS<\/span><span class=\"\" data-url=\"\" data-target=\"blank\" tabindex=\"0\" role=\"button\"><i class='fas fa-parking'><\/i> ESTACIONAMIENTOS<\/span><span class=\"\" data-url=\"\" data-target=\"blank\" tabindex=\"0\" role=\"button\"><i class='fas fa-gas-pump'><\/i> GASOLINERAS \/ GRIFOS<\/span><span class=\"\" data-url=\"\" data-target=\"blank\" tabindex=\"0\" role=\"button\"><i class='fas fa-ticket-alt'><\/i> ENTRETENIMIENTO<\/span><span class=\"\" data-url=\"\" data-target=\"blank\" tabindex=\"0\" role=\"button\"><i class='fas fa-concierge-bell'><\/i> HOTELES<\/span><\/div><div class=\"su-tabs-panes\"><div class=\"su-tabs-pane su-u-clearfix su-u-trim\" data-title=\"&lt;i class=&#039;fas fa-shopping-bag&#039;&gt;&lt;\/i&gt; CENTROS COMERCIALES\">\n<h3><i class='fas fa-shopping-bag'><\/i> Centros comerciales<\/h3>\n<p><em>*Por favor <a href=\"https:\/\/corporacioncardenas.com\/?page_id=12\">cont\u00e1ctenos<\/a> para mayor informaci\u00f3n sobre las soluciones que mejor se adapten a su modelo de negocio y operaci\u00f3n. <\/em><\/p>\n<div class=\"images-tabcontent\"><img decoding=\"async\" src=\"https:\/\/corporacioncardenas.com\/wp-content\/uploads\/2018\/11\/CENTROS-COMERCIALES.jpg\" alt=\"\" class=\"img-tabcontent\" \/><\/div>\n<\/div>\n<div class=\"su-tabs-pane su-u-clearfix su-u-trim\" data-title=\"&lt;i class=&#039;fas fa-warehouse&#039;&gt;&lt;\/i&gt; TIENDAS POR DEPARTAMENTO\">\n<h3><i class='fas fa-warehouse'><\/i> Tiendas por departamento<\/h3>\n<p><em>*Por favor <a href=\"https:\/\/corporacioncardenas.com\/?page_id=12\">cont\u00e1ctenos<\/a> para mayor informaci\u00f3n sobre las soluciones que mejor se adapten a su modelo de negocio y operaci\u00f3n. <\/em><\/p>\n<div class=\"images-tabcontent\"><img decoding=\"async\" src=\"https:\/\/corporacioncardenas.com\/wp-content\/uploads\/2018\/11\/TIENDAS-POR-DEPARTAMENTO.jpg\" alt=\"\" class=\"img-tabcontent\" \/><\/div>\n<\/div>\n<div class=\"su-tabs-pane su-u-clearfix su-u-trim\" data-title=\"&lt;i class=&#039;fas fa-store-alt&#039;&gt;&lt;\/i&gt; TIENDAS DE CONVENIENCIA\">\n<h3><i class='fas fa-store-alt'><\/i> Tiendas de conveniencia<\/h3>\n<p><em>*Por favor <a href=\"https:\/\/corporacioncardenas.com\/?page_id=12\">cont\u00e1ctenos<\/a> para mayor informaci\u00f3n sobre las soluciones que mejor se adapten a su modelo de negocio y operaci\u00f3n. <\/em><\/p>\n<div class=\"images-tabcontent\"><img decoding=\"async\" src=\"https:\/\/corporacioncardenas.com\/wp-content\/uploads\/2018\/11\/TIENDAS-DE-CONVENIENCIA.jpg\" alt=\"\" class=\"img-tabcontent\" \/><\/div>\n<\/div>\n<div class=\"su-tabs-pane su-u-clearfix su-u-trim\" data-title=\"&lt;i class=&#039;fas fa-shopping-basket&#039;&gt;&lt;\/i&gt; TIENDAS ESPECIALIZADAS\">\n<h3><i class='fas fa-shopping-basket'><\/i> Tiendas especializadas<\/h3>\n<p><em>*Por favor <a href=\"https:\/\/corporacioncardenas.com\/?page_id=12\">cont\u00e1ctenos<\/a> para mayor informaci\u00f3n sobre las soluciones que mejor se adapten a su modelo de negocio y operaci\u00f3n. <\/em><\/p>\n<div class=\"images-tabcontent\"><img decoding=\"async\" src=\"https:\/\/corporacioncardenas.com\/wp-content\/uploads\/2018\/11\/TIENDAS-ESPECIALIZADAS.jpg\" alt=\"\" class=\"img-tabcontent\" \/><\/div>\n<\/div>\n<div class=\"su-tabs-pane su-u-clearfix su-u-trim\" data-title=\"&lt;i class=&#039;fas fa-prescription-bottle-alt&#039;&gt;&lt;\/i&gt; FARMACIAS\">\n<h3><i class='fas fa-prescription-bottle-alt'><\/i> Farmacias<\/h3>\n<p><em>*Por favor <a href=\"https:\/\/corporacioncardenas.com\/?page_id=12\">cont\u00e1ctenos<\/a> para mayor informaci\u00f3n sobre las soluciones que mejor se adapten a su modelo de negocio y operaci\u00f3n. <\/em><\/p>\n<div class=\"images-tabcontent\"><img decoding=\"async\" src=\"https:\/\/corporacioncardenas.com\/wp-content\/uploads\/2018\/11\/FARMACIAS.jpg\" alt=\"\" class=\"img-tabcontent\" \/><\/div>\n<\/div>\n<div class=\"su-tabs-pane su-u-clearfix su-u-trim\" data-title=\"&lt;i class=&#039;fas fa-shopping-cart&#039;&gt;&lt;\/i&gt; HIPERMERCADOS Y SUPERMERCADOS\">\n<h3><i class='fas fa-shopping-cart'><\/i> Hipermercados y supermercados<\/h3>\n<p><em>*Por favor <a href=\"https:\/\/corporacioncardenas.com\/?page_id=12\">cont\u00e1ctenos<\/a> para mayor informaci\u00f3n sobre las soluciones que mejor se adapten a su modelo de negocio y operaci\u00f3n. <\/em><\/p>\n<div class=\"images-tabcontent\"><img decoding=\"async\" src=\"https:\/\/corporacioncardenas.com\/wp-content\/uploads\/2018\/11\/HIPERMERCADOS.jpg\" alt=\"\" class=\"img-tabcontent\" \/><\/div>\n<\/div>\n<div class=\"su-tabs-pane su-u-clearfix su-u-trim\" data-title=\"&lt;i class=&#039;fas fa-apple-alt&#039;&gt;&lt;\/i&gt; TIENDAS DE ALIMENTOS\">\n<h3><i class='fas fa-apple-alt'><\/i> Tiendas de alimentos<\/h3>\n<p><em>*Por favor <a href=\"https:\/\/corporacioncardenas.com\/?page_id=12\">cont\u00e1ctenos<\/a> para mayor informaci\u00f3n sobre las soluciones que mejor se adapten a su modelo de negocio y operaci\u00f3n. <\/em><\/p>\n<div class=\"images-tabcontent\"><img decoding=\"async\" src=\"https:\/\/corporacioncardenas.com\/wp-content\/uploads\/2018\/11\/RESTAURANTES.jpg\" alt=\"\" class=\"img-tabcontent\" \/><\/div>\n<\/div>\n<div class=\"su-tabs-pane su-u-clearfix su-u-trim\" data-title=\"&lt;i class=&#039;fas fa-utensils&#039;&gt;&lt;\/i&gt; RESTAURANTES Y COMIDA R\u00c1PIDA\">\n<h3><i class='fas fa-utensils'><\/i> Restaurantes y comida r\u00e1pida<\/h3>\n<p><em>*Por favor <a href=\"https:\/\/corporacioncardenas.com\/?page_id=12\">cont\u00e1ctenos<\/a> para mayor informaci\u00f3n sobre las soluciones que mejor se adapten a su modelo de negocio y operaci\u00f3n. <\/em><\/p>\n<div class=\"images-tabcontent\"><img decoding=\"async\" src=\"https:\/\/corporacioncardenas.com\/wp-content\/uploads\/2018\/11\/RESTAURANT.jpg\" alt=\"\" class=\"img-tabcontent\" \/><\/div>\n<\/div>\n<div class=\"su-tabs-pane su-u-clearfix su-u-trim\" data-title=\"&lt;i class=&#039;fas fa-tint&#039;&gt;&lt;\/i&gt; EMBOTELLADORAS\">\n<h3><i class='fas fa-tint'><\/i> Embotelladoras<\/h3>\n<p><em>*Por favor <a href=\"https:\/\/corporacioncardenas.com\/?page_id=12\">cont\u00e1ctenos<\/a> para mayor informaci\u00f3n sobre las soluciones que mejor se adapten a su modelo de negocio y operaci\u00f3n. <\/em><\/p>\n<div class=\"images-tabcontent\"><img decoding=\"async\" src=\"https:\/\/corporacioncardenas.com\/wp-content\/uploads\/2018\/11\/EMBOTELLADORAS.jpg\" alt=\"\" class=\"img-tabcontent\" \/><\/div>\n<\/div>\n<div class=\"su-tabs-pane su-u-clearfix su-u-trim\" data-title=\"&lt;i class=&#039;fas fa-parking&#039;&gt;&lt;\/i&gt; ESTACIONAMIENTOS\">\n<h3><i class='fas fa-parking'><\/i> Estacionamientos<\/h3>\n<p><em>*Por favor <a href=\"https:\/\/corporacioncardenas.com\/?page_id=12\">cont\u00e1ctenos<\/a> para mayor informaci\u00f3n sobre las soluciones que mejor se adapten a su modelo de negocio y operaci\u00f3n. <\/em><\/p>\n<div class=\"images-tabcontent\"><img decoding=\"async\" src=\"https:\/\/corporacioncardenas.com\/wp-content\/uploads\/2018\/11\/ESTACIONAMIENTOS.jpg\" alt=\"\" class=\"img-tabcontent\" \/><\/div>\n<\/div>\n<div class=\"su-tabs-pane su-u-clearfix su-u-trim\" data-title=\"&lt;i class=&#039;fas fa-gas-pump&#039;&gt;&lt;\/i&gt; GASOLINERAS \/ GRIFOS\">\n<h3><i class='fas fa-gas-pump'><\/i> Gasolineras \/ grifos<\/h3>\n<p><em>*Por favor <a href=\"https:\/\/corporacioncardenas.com\/?page_id=12\">cont\u00e1ctenos<\/a> para mayor informaci\u00f3n sobre las soluciones que mejor se adapten a su modelo de negocio y operaci\u00f3n. <\/em><\/p>\n<div class=\"images-tabcontent\"><img decoding=\"async\" src=\"https:\/\/corporacioncardenas.com\/wp-content\/uploads\/2018\/11\/GASOLINERAS.jpg\" alt=\"\" class=\"img-tabcontent\" \/><\/div>\n<\/div>\n<div class=\"su-tabs-pane su-u-clearfix su-u-trim\" data-title=\"&lt;i class=&#039;fas fa-ticket-alt&#039;&gt;&lt;\/i&gt; ENTRETENIMIENTO\">\n<h3><i class='fas fa-ticket-alt'><\/i> Entretenimiento<\/h3>\n<p><em>*Por favor <a href=\"https:\/\/corporacioncardenas.com\/?page_id=12\">cont\u00e1ctenos<\/a> para mayor informaci\u00f3n sobre las soluciones que mejor se adapten a su modelo de negocio y operaci\u00f3n. <\/em><\/p>\n<div class=\"images-tabcontent\"><img decoding=\"async\" src=\"https:\/\/corporacioncardenas.com\/wp-content\/uploads\/2018\/11\/ENTRETENIMIENTO.jpg\" alt=\"\" class=\"img-tabcontent\" \/><\/div>\n<\/div>\n<div class=\"su-tabs-pane su-u-clearfix su-u-trim\" data-title=\"&lt;i class=&#039;fas fa-concierge-bell&#039;&gt;&lt;\/i&gt; HOTELES\">\n<h3><i class='fas fa-concierge-bell'><\/i> Hoteles<\/h3>\n<p><em>*Por favor <a href=\"https:\/\/corporacioncardenas.com\/?page_id=12\">cont\u00e1ctenos<\/a> para mayor informaci\u00f3n sobre las soluciones que mejor se adapten a su modelo de negocio y operaci\u00f3n. <\/em><\/p>\n<div class=\"images-tabcontent\"><img decoding=\"async\" src=\"https:\/\/corporacioncardenas.com\/wp-content\/uploads\/2018\/11\/HOTEL.jpg\" alt=\"\" class=\"img-tabcontent\" \/><\/div>\n<\/div><\/div><\/div>\n<p><\/body><\/p>\n","protected":false},"excerpt":{"rendered":"<p>Optimice la cadena del efectivo: elimine procesos manuales e incremente la productividad en sus tiendas. Experiencia y soluciones comprobadas para&hellip;<\/p>\n","protected":false},"author":1,"featured_media":0,"parent":8,"menu_order":3,"comment_status":"closed","ping_status":"closed","template":"","meta":{"footnotes":""},"class_list":["post-30","page","type-page","status-publish","hentry"],"_links":{"self":[{"href":"https:\/\/corporacioncardenas.com\/index.php?rest_route=\/wp\/v2\/pages\/30","targetHints":{"allow":["GET"]}}],"collection":[{"href":"https:\/\/corporacioncardenas.com\/index.php?rest_route=\/wp\/v2\/pages"}],"about":[{"href":"https:\/\/corporacioncardenas.com\/index.php?rest_route=\/wp\/v2\/types\/page"}],"author":[{"embeddable":true,"href":"https:\/\/corporacioncardenas.com\/index.php?rest_route=\/wp\/v2\/users\/1"}],"replies":[{"embeddable":true,"href":"https:\/\/corporacioncardenas.com\/index.php?rest_route=%2Fwp%2Fv2%2Fcomments&post=30"}],"version-history":[{"count":134,"href":"https:\/\/corporacioncardenas.com\/index.php?rest_route=\/wp\/v2\/pages\/30\/revisions"}],"predecessor-version":[{"id":2376,"href":"https:\/\/corporacioncardenas.com\/index.php?rest_route=\/wp\/v2\/pages\/30\/revisions\/2376"}],"up":[{"embeddable":true,"href":"https:\/\/corporacioncardenas.com\/index.php?rest_route=\/wp\/v2\/pages\/8"}],"wp:attachment":[{"href":"https:\/\/corporacioncardenas.com\/index.php?rest_route=%2Fwp%2Fv2%2Fmedia&parent=30"}],"curies":[{"name":"wp","href":"https:\/\/api.w.org\/{rel}","templated":true}]}}